is the hundreds digit of 728?
7
What is the ten thousands digit of 63093?
6
What is the units digit of 18150?
0
What is the units digit of 93272?
2
What is the units digit of 33337?
7
What is the tens digit of 251?
5
What is the units digit of 1018?
8
What is the units digit of 2020?
0
What is the tens digit of 45?
4
What is the thousands digit of 15266?
5
What is the units digit of 1178?
8
What is the hundreds digit of 223?
2
What is the ten thousands digit of 18646?
1
What is the tens digit of 678?
7
What is the hundreds digit of 748?
7
What is the hundreds digit of 1467?
4
What is the tens digit of 4943?
4
What is the tens digit of 560?
6
What is the tens digit of 15380?
8
What is the units digit of 981?
1
What is the units digit of 36040?
0
What is the thousands digit of 21814?
1
What is the tens digit of 588?
8
What is the thousands digit of 1259?
1
What is the thousands digit of 3257?
3
What is the thousands digit of 1734?
1
What is the tens digit of 43570?
7
What is the thousands digit of 3246?
3
What is the tens digit of 1438?
3
What is the tens digit of 928?
2
What is the ten thousands digit of 23233?
2
What is the tens digit of 81029?
2
What is the tens digit of 214?
1
What is the tens digit of 1362?
6
What is the units digit of 2353?
3
What is the tens digit of 125?
2
What is the tens digit of 1514?
1
What is the hundreds digit of 3559?
5
What is the units digit of 6388?
8
What is the thousands digit of 9187?
9
What is the tens digit of 65928?
2
What is the ten thousands digit of 10477?
1
What is the thousands digit of 7853?
7
What is the tens digit of 234?
3
What is the hundreds digit of 5394?
3
What is the tens digit of 10518?
1
What is the hundreds digit of 3167?
1
What is the tens digit of 924?
2
What is the units digit of 31128?
8
What is the ten thousands digit of 17448?
1
What is the tens digit of 325?
2
What is the hundreds digit of 14374?
3
What is the tens digit of 263?
6
What is the tens digit of 578?
7
What is the hundreds digit of 800?
8
What is the units digit of 1175?
5
What is the tens digit of 953?
5
What is the hundreds digit of 119816?
8
What is the tens digit of 438?
3
What is the units digit of 672?
2
What is the ten thousands digit of 54621?
5
What is the units digit of 9395?
5
What is the thousands digit of 4104?
4
What is the ten thousands digit of 91084?
9
What is the hundreds digit of 681?
6
What is the ten thousands digit of 32583?
3
What is the ten thousands digit of 12702?
1
What is the units digit of 26?
6
What is the thousands digit of 8721?
8
What is the tens digit of 11163?
6
What is the units digit of 1468?
8
What is the hundreds digit of 205?
2
What is the thousands digit of 41255?
1
What is the units digit of 15158?
8
What is the ten thousands digit of 16882?
1
What is the thousands digit of 112658?
2
What is the ten thousands digit of 44776?
4
What is the tens digit of 49130?
3
What is the units digit of 6387?
7
What is the ten thousands digit of 43838?
4
What is the hundreds digit of 870?
8
What is the thousands digit of 8153?
8
What is the thousands digit of 11685?
1
What is the thousands digit of 12483?
2
What is the units digit of 447?
7
What is the thousands digit of 55473?
5
What is the hundreds digit of 21845?
8
What is the units digit of 4332?
2
What is the units digit of 3390?
0
What is the hundreds digit of 7937?
9
What is the units digit of 2497?
7
What is the thousands digit of 135416?
5
What is the units digit of 27494?
4
What is the hundreds digit of 944?
9
What is the tens digit of 1183?
8
What is the thousands digit of 22162?
2
What is the tens digit of 62105?
0
What is the hundreds digit of 6552?
5
What is the tens digit of 117944?
4
What is the tens digit of 1481?
8
What is the units digit of 1469?
9
What is the units digit of 5525?
5
What is the thousands digit of 63736?
3
What is the ten thousands digit of 77169?
7
What is the units digit of 138777?
7
What is the tens digit of 10354?
5
What is the tens digit of 1744?
4
What is the thousands digit of 1260?
1
What is the hundreds digit of 1648?
6
What is the hundreds digit of 390?
3
What is the units digit of 21686?
6
What is the hundreds digit of 8856?
8
What is the thousands digit of 18490?
8
What is the units digit of 2009?
9
What is the hundreds digit of 1058?
0
What is the units digit of 15804?
4
What is the hundreds digit of 5689?
6
What is the units digit of 608?
8
What is the ten thousands digit of 60025?
6
What is the hundreds digit of 31223?
2
What is the tens digit of 1636?
3
What is the units digit of 11832?
2
What is the ten thousands digit of 53327?
5
What is the tens digit of 10344?
4
What is the units digit of 219?
9
What is the units digit of 3?
3
What is the tens digit of 10867?
6
What is the thousands digit of 1628?
1
What is the hundreds digit of 34607?
6
What is the units digit of 2458?
8
What is the hundreds digit of 123492?
4
What is the hundreds digit of 20616?
6
What is the units digit of 24?
4
What is the tens digit of 120700?
0
What is the hundreds digit of 5941?
9
What is the hundreds digit of 7764?
7
What is the tens digit of 42937?
3
What is the tens digit of 1004?
0
What is the hundreds digit of 557?
5
What is the units digit of 6645?
5
What is the tens digit of 565?
6
What is the tens digit of 7135?
3
What is the tens digit of 53176?
7
What is the hundreds digit of 41134?
1
What is the thousands digit of 1177?
1
What is the tens digit of 20750?
5
What is the units digit of 11222?
2
What is the units digit of 3577?
7
What is the hundreds digit of 303?
3
What is the hundreds digit of 2879?
8
What is the ten thousands digit of 136451?
3
What is the tens digit of 663?
6
What is the hundreds digit of 1267?
2
What is the tens digit of 1421?
2
What is the thousands digit of 5319?
5
What is the tens digit of 55515?
1
What is the thousands digit of 25747?
5
What is the ten thousands digit of 115997?
1
What is the hundreds digit of 1802?
8
What is the units digit of 19545?
5
What is the units digit of 11877?
7
What is the hundreds digit of 19317?
3
What is the hundreds digit of 13520?
5
What is the units digit of 713?
3
What is the hundreds digit of 31613?
6
What is the thousands digit of 2204?
2
What is the thousands digit of 21461?
1
What is the units digit of 13076?
6
What is the units digit of 6294?
4
What is the ten thousands digit of 12741?
1
What is the units digit of 560?
0
What is the hundreds digit of 11148?
1
What is the tens digit of 1187?
8
What is the hundreds digit of 809?
8
What is the tens digit of 454?
5
What is the tens digit of 20833?
3
What is the thousands digit of 41024?
1
What is the tens digit of 623?
2
What is the hundreds digit of 1352?
3
What is the thousands digit of 11975?
1
What is the hundreds digit of 3387?
3
What is the ten thousands digit of 19114?
1
What is the units digit of 6832?
2
What is the tens digit of 15192?
9
What is the hundreds digit of 9143?
1
What is the tens digit of 994?
9
What is the hundreds digit of 202?
2
What is the hundreds digit of 647?
6
What is the tens digit of 130?
3
What is the units digit of 1206?
6
What is the units digit of 157?
7
What is the tens digit of 2477?
7
What is the tens digit of 167239?
3
What is the units digit of 2298?
8
What is the tens digit of 844?
4
What is the thousands digit of 88611?
8
What is the hundreds digit of 1978?
9
What is the units digit of 5488?
8
What is the hundreds digit of 5297?
2
What is the hundreds digit of 5197?
1
What is the units digit of 705?
5
What is the hundreds digit of 20427?
4
What is the units digit of 5568?
8
What is the hundreds digit of 133488?
4
What is the hundreds digit of 120618?
6
What is the thousands digit of 1001?
1
What is the units digit of 8162?
2
What is the units digit of 11026?
6
What is the units digit of 16089?
9
What is the units digit of 1212?
2
What is the units digit of 790?
0
What is the tens digit of 910?
1
What is the thousands digit of 75090?
5
What is the thousands digit of 3910?
3
What is the hundreds digit of 61852?
8
What is the tens digit of 5217?
1
What is the hundreds digit of 579?
5
What is the units digit of 248?
8
What is the hundreds digit of 13603?
6
What is the units digit of 1851?
1
What is the ten thousands digit of 28905?
2
What is the tens digit o